+ 448. What is the thousands digit of d(-25)?
7
Suppose 2*j = 6 - 22. Let t = -68 - j. What is the units digit of t/(-8)*4*(-18)/(-5)?
8
Let n be (4/6)/(3170/795 + -4). What is the tens digit of ((-26)/(-39))/(2/(-15)) - n?
4
Suppose 8*v = -18*v + 124098. What is the hundreds digit of v?
7
Suppose -3*i - 122 = 214. Let a = i + 145. What is the tens digit of a?
3
Let d = 16967 - 11188. What is the units digit of d?
9
Suppose -10*g + 19 = -9*g + 5*u, 17 = -5*g + 3*u. Let s(n) be the second derivative of 19*n**4/6 + n**3/3 + 3*n**2/2 - n. What is the tens digit of s(g)?
3
Let c(i) = -31*i + 25. Let k be c(-6). Let m = 555 - k. What is the hundreds digit of m?
3
Suppose 9 = c + 2. Let a(o) = -o**2 - 34*o + 27. Let s be a(-5). Suppose c*w = 11*w - s. What is the units digit of w?
3
Let a(g) = -8427*g + 5168. What is the ten thousands digit of a(-5)?
4
Suppose 3*b = -3, -2*l + 4570 + 5450 = -2*b. What is the tens digit of l?
0
Let x be 3*((-2380)/(-48) + (-2)/8). Suppose 6*g - 5066 = x. What is the hundreds digit of g?
8
Suppose -568*c - 23521 = -611*c. What is the units digit of c?
7
Suppose 5*w = 2*w, 44648 = 4*c + 4*w + w. What is the units digit of c?
2
Let t(y) = 17*y**2 + 68*y - 950. What is the hundreds digit of t(21)?
9
Let x = 12419 + -5914. What is the tens digit of x?
0
Suppose 3*q - 2*q - 4*l = -6, 0 = -2*q - l - 3. Let u be 1/q*(0 - (86 - 4)). Suppose -u - 72 = -3*y + 5*f, -143 = -3*y - f. What is the units digit of y?
6
Let l be (8/4 - -41)/((-1)/(-5)). Let o = -58 + l. Suppose -4*q = -533 + o. What is the tens digit of q?
9
Suppose -2*r = 4*r + 138. Let o = 26 + r. Suppose 2*v = 13 + o. What is the units digit of v?
8
Let w(j) = -15*j + 64. Let b be w(4). Suppose -348 = -b*z + 4*u, -2*z + 255 = z - u. What is the units digit of z?
4
Suppose 31543 = -20*h + 37803. Let s(t) = 27*t**2 - t + 2. Let r be s(-3). Suppose 4*f - 3*k - 161 = r, 3*f - h = -4*k. What is the tens digit of f?
0
Let r(w) = 3*w**2 - 2. Suppose -72*k + 33 = -69*k. Let c be r(k). Suppose -2*p + c = x, 3*x = -0*x - 9. What is the hundreds digit of p?
1
Suppose 90*m = 92*m + 874. Let x = -143 - m. What is the tens digit of x?
9
Suppose 0 = 3*f - 3*h + 5*h - 1818, 0 = -5*h. Suppose 2*b - 3*g = f, -b + 69 + 256 = 4*g. What is the tens digit of b?
0
Let o = -4395 + 3065. Let c = o + 2026. What is the hundreds digit of c?
6
Suppose -971 = 8*j - 2683. Let w = j - 205. What is the units digit of w?
9
Let t be (-4 - (-1)/1)*26. What is the tens digit of (-54379)/t - 3/18?
9
Let a be 2/8 - 725/4. Suppose -363*d = 33*d - 121176. Let q = a + d. What is the tens digit of q?
2
Let c(d) = -d**2 + 5*d + 2. Let w be c(6). Let l be (w - (1 + -4))*0. Suppose 5*n + 4*b = n + 588, 4*n + 5*b - 583 = l. What is the units digit of n?
2
Let a(n) = -3*n**2 + 7*n - 1. Let j be a(2). Suppose 0 = 3*m + j - 16. Suppose 2*g - 12 - 32 = -v, 0 = m*v + 5*g - 225. What is the units digit of v?
6
Let t = -213 + 772. Suppose 576 = 5*c - t. What is the units digit of c?
7
Let o(d) = 15*d**3 - 11*d**2 + 16*d - 6. Let w be o(1). Suppose -3*s + 35 = -19. Suppose -w*u - 636 = -s*u. What is the tens digit of u?
5
Suppose -519*x - 15325744 = -712*x. What is the ten thousands digit of x?
7
Let f(q) = -26*q**3 + 3*q**2 + 5*q + 31. What is the thousands digit of f(-6)?
5
Suppose -4 = 4*u - 6*u. Let i(o) = 34*o**2 - 2507 - u*o + 2507. What is the tens digit of i(1)?
3
What is the units digit of ((-982)/(-8))/(24 + 11605/(-484))?
1
Let g(s) = -s**3 - 7*s**2 - 9*s - 7. Let k = -39 - -33. Let y be g(k). Let x(t) = 8*t - 6. What is the tens digit of x(y)?
8
Suppose -5*w = 2*i - 860, -2*i - i + 1290 = -4*w. Suppose 8*y - 11*y - 5*b = -651, 2*y = -2*b + i. What is the units digit of y?
2
Let y = 39890 - 15426. What is the tens digit of y?
6
Let t(l) = -16*l**3 + 14*l - 45. What is the hundreds digit of t(-5)?
8
Let g = 84 - 84. Suppose 5*t - 2*k - 345 = g, 3*k - 45 = 2*t - 172. Suppose -7*m + t = -1182. What is the tens digit of m?
7
Suppose -6*x + 7 = -17. Suppose 0*m + 4*d = x*m - 40, -5*m + 2*d = -38. Suppose -5*g + 1683 = m*g. What is the hundreds digit of g?
1
Let a = 772 + -788. Let w(u) = 4*u**2 + 8*u + 253. What is the thousands digit of w(a)?
1
Let f = -7715 + 5434. Let o = -1418 - f. What is the tens digit of o?
6
Let j(c) = 5*c - 21. Let s be j(22). Let n = 140 - s. Suppose 75 = 9*r - n. What is the tens digit of r?
1
Let m = 14786 + -6197. What is the hundreds digit of m?
5
Suppose -23593*y = -23596*y + 138651. What is the thousands digit of y?
6
Let d = -53 + 103. Suppose -p - 4*c = -d, 0*p - p = 5*c - 55. What is the units digit of p?
0
Suppose 26691 + 163259 = 8*n - 199978. What is the thousands digit of n?
8
Suppose -410*c + 384*c + 35776 = 0. What is the thousands digit of c?
1
Let m(y) = -y**3 - y - 1. Let r(a) = -a**3 + 19*a**2 + 2*a + 12. Let z(f) = 3*m(f) - r(f). Let h be (-20)/(-7)*(-21)/(-24)*-4. What is the units digit of z(h)?
5
Suppose 0 = -46*i + 10858 + 99695 + 2745. What is the tens digit of i?
6
Let c(h) = 2*h**3 - 56*h**2 - 31*h - 108. What is the hundreds digit of c(34)?
7
Suppose 5*g + 615 = 5*c, g = -0*g - 4*c - 103. Let n = g - -119. Suppose n = 4*m - 4*x + 65 - 533, -5*m = -3*x - 595. What is the units digit of m?
2
Let t(a) = -16 + 4 + 51*a - 3*a. What is the tens digit of t(6)?
7
Let w = 111802 - 74778. What is the ten thousands digit of w?
3
Suppose -129 = -p + 2*n, 3*p - 3*n = -0*n + 393. Let f = p + -131. Suppose 0 = f*j - 210 - 268. What is the units digit of j?
9
Let a(t) = 186*t - 5 + 189*t - 378*t + 210*t**2. What is the tens digit of a(-2)?
4
Let l = 4 - -2. Suppose 11 = l*r + 11. Suppose -a + 65 = w, r = 3*a + a + w - 245. What is the units digit of a?
0
Let k = 41 - 59. Let z be 36/(-66) + ((-558)/66 - -1). What is the units digit of 3/k*z*36?
8
Suppose -3*o + 49 + 8 = 0. Suppose 3*x = -7 + o. Suppose -10 = y + x*p - 74, 5*y + 3*p - 354 = 0. What is the tens digit of y?
7
Let r = -269 - -274. Suppose -r*z + 1170 = -5*w, 0 = 5*z - w - 159 - 1003. What is the tens digit of z?
3
Let p(k) = -k**3 + 3*k**2 - 79*k - 1425. What is the hundreds digit of p(-21)?
8
Let c(l) = 840*l + 2900. What is the units digit of c(15)?
0
Let c(k) = -2*k**2 - 445*k + 1738. What is the hundreds digit of c(-103)?
3
Suppose 4*n - 5*w - 20 = 0, -w = 4*n + 5 - 1. Suppose n = 20*r - 4620 - 1360. What is the units digit of r?
9
Let m = 3573 - -134. What is the thousands digit of m?
3
Let o = -229 + 357. Let h be 20/50*(-118 - 4/2). Let d = o + h. What is the units digit of d?
0
Let q = 743 + -565. Suppose -n - 195 = 4*y + 148, -2*n - 164 = 2*y. Let r = q + y. What is the tens digit of r?
9
Let x(s) = 95*s**2 + 14*s + 152. Let l be x(-8). What is the tens digit of -4 + (l/8 - 8)?
5
Let o be 3*(22 + -6) - 5. Suppose 0 = -5*u - 2*m + o + 108, -2*m - 4 = 0. What is the units digit of u?
1
Let n be (18/(-21))/((-3)/126). Suppose 2*x + 0*m - 2*m = -24, 3*x + n = -m. What is the units digit of x/(-3) + -5 + 110?
9
Let s(i) = i**2 + 7*i + 6. Let v be s(-3). What is the units digit of (-4)/(-8) + (-5697)/v?
0
Let v(m) = -5 - 6 + m**3 - m**2 + 4 + 12*m**2 + 9*m. Let j(x) = -10*x**3 + x**2 - 4*x + 3. Let u be j(1). What is the units digit of v(u)?
3
Suppose -o + d + 37403 - 2849 = 0, 0 = -5*o + 2*d + 172779. What is the ten thousands digit of o?
3
Let k = 124 + -541. Let q = -198 - k. Suppose -2*f + q = f. What is the tens digit of f?
7
Let j = -1256 - -2798. What is the units digit of j?
2
Let t = 2198 + -673. What is the hundreds digit of ((-6)/(-5))/(5/t*1)?
3
Suppose z - 51440 = -2*k, 8*z - 4*z - 205809 = -k. What is the tens digit of z?
5
Suppose -122*d + 8267535 = 13*d. What is the ten thousands digit of d?
6
Suppose -5*o + 42*l - 41*l - 3175 = 0, 0 = 4*o - l + 2541. Let c = 1101 + o. What is the tens digit of c?
6
Suppose 7 + 8 = 5*o. Let i be (o + 0 - -2) + 0. Suppose -i*b = -3*n + 266, -n + 2*n = 2*b + 89. What is the units digit of n?
7
Let o = 229 + -175. Suppose -472 = o*z - 58*z. What is the units digit of z?
8
Suppose 18302 = f - 12*y, -2*f - 73616 = -6*f - 3*y. What is the ten thousands digit of f?
1
Let z(q) = -q**2 + q + 4. Let l be (3*(-8)/36)/(1/(-3)). Let a be z(l). What is the units digit of a/((2/23)/1)?
3
Let k = 77759 - 24289. What is the tens digit of k?
7
Suppose -36 = -25*l + 16*l. Su